 Let t = b + -10. What are the prime factors of t?
7
Let m = -26 + 8. What are the prime factors of 6/2*(-114)/m?
19
Suppose 63 = d + 5*c, -315 + 92 = -5*d - 2*c. List the prime factors of d.
43
Suppose 4*q + 4 = -5*j, 7*q - 2*q - 2*j + 38 = 0. Let o = 8 - q. What are the prime factors of -3 - (6/(-3) - o)?
13
Suppose 7*w - 2*w - 785 = 0. Suppose -4*l + w = -31. List the prime factors of l.
47
Suppose -q + 48 = -96. List the prime factors of q.
2, 3
Let q(j) = 5*j + 5. Let o be q(4). Suppose 2*l - 165 = -5*s, -o = -3*l + 8*l. Suppose 4*h + h - s = 0. What are the prime factors of h?
7
Let d(s) = -2*s**3 - 10*s**2 + 3*s - 11. Let b(h) = 5*h**3 + 20*h**2 - 5*h + 21. Let y(u) = 3*b(u) + 7*d(u). What are the prime factors of y(10)?
2, 23
Let l(v) = 6*v - 1. Let o be l(1). Suppose -10 = -2*g + 2*d, 29 = o*g - g - d. List the prime factors of g.
2
What are the prime factors of (-12)/(-30) + (-466)/(-10)?
47
Suppose 0 = 5*y + 3*h - 18, -4*h + 5*h = -y + 4. Let i(n) = n**3 - n**2 - 4*n - 1. Let f be i(y). Let b = f - -5. What are the prime factors of b?
2, 5
Let f be (-2 - -5) + (2 - 1). Let q be 2 - f - 0 - 22. List the prime factors of ((-3)/(-4))/((-2)/q).
3
Let v(k) = 6*k - 2. What are the prime factors of v(3)?
2
Suppose -8*k + 1346 + 494 = 0. What are the prime factors of k?
2, 5, 23
Suppose -4*h - 228 = -8*h. Suppose 0*v - h = -3*v. What are the prime factors of v?
19
Let m be 47 + -6 + (1 - -2). Let h = m - 31. List the prime factors of h.
13
Let v be (1 + -5)/2*-1. Let q be v/8 + 34/(-8). Let t = q - -8. What are the prime factors of t?
2
Suppose -3 + 9 = -3*h. Let g be (1 + h)/(4/(-120)). Suppose 0 = 2*r + v - 5, -v = -2*r + 3*v + g. List the prime factors of r.
5
Let q = -42 - -61. List the prime factors of q.
19
Let j be (-9)/3*1*-5. Let q = j - 22. Let w = -4 - q. List the prime factors of w.
3
List the prime factors of (-17)/3 + 5 + (-34)/(-6).
5
Suppose 0 = -7*s + 2*s - 2*x + 41, -10 = -s - x. Suppose -5*n - 3*l + 27 + s = 0, 8 = n + l. List the prime factors of (n + -4)*(1 + 7).
2
What are the prime factors of (-9)/(108/40)*-9?
2, 3, 5
Let l be 11/4 - 14/(-56). Suppose 4*d - l*x - 58 = 15, -5*x = -3*d + 52. List the prime factors of d.
19
Let p(q) = 14*q - 3. List the prime factors of p(4).
53
Let i(x) = -x**2 + 3*x + 4. Let b be i(5). Let h = 5 + b. Let j(p) = -6*p**3 - p**2. List the prime factors of j(h).
5
Suppose -5*q - 3 = -13, -3*q + 361 = 5*l. List the prime factors of l.
71
Let a(x) = 35*x + 18. What are the prime factors of a(6)?
2, 3, 19
Suppose 4*f = 4*w + 12, -f - w + 3 = -0. List the prime factors of f.
3
Let s(v) = -v**2 - 7*v + 11. Let w be s(-8). Let n(r) = w*r - 3*r + 3 + r. List the prime factors of n(0).
3
Let r(g) = -g**2 - 11*g - 10. List the prime factors of r(-4).
2, 3
Suppose 5*x + 27 - 217 = 0. List the prime factors of x.
2, 19
Let l = 191 - -84. List the prime factors of l.
5, 11
Suppose -4*o + 4*u = -100, 96 = 4*o - u + 8. Let m be 1/4 + o/28. What are the prime factors of (-9)/m*(-1)/1?
3
Let i(x) = x**2 - 2*x + 6. Let r be i(4). Let p = 30 - r. What are the prime factors of p?
2
Let f(x) = -1 - 3*x**2 + 2 - 15*x**2 + 0. Let d be f(-1). Let n = -12 - d. List the prime factors of n.
5
Suppose 0*j + 5*j = 0. Suppose -a = -j*a - 22. List the prime factors of a.
2, 11
What are the prime factors of -410*-4*(-6)/(-40)?
2, 3, 41
Let v be 1/((1 + 0)/6). Suppose -5*b = 4*h - 41, 19 = 3*b - v*h + 7*h. What are the prime factors of 2/((b + -3)/12)?
2, 3
Suppose -4*q + 0 = 8. Let t be ((-3 - -2) + -1)/(-2). List the prime factors of 14/(q + t + 3).
7
Let r = -9 + 3. What are the prime factors of (16/r)/(4/(-12))?
2
What are the prime factors of (-1 + 0)/((-2)/356)?
2, 89
Let b = 105 + -41. List the prime factors of b.
2
Let v(m) = -m**3 - 11*m**2 + 10*m - 30. What are the prime factors of v(-14)?
2, 11, 19
Let d(o) = 13*o**2 + 2*o - 1. Suppose -5*a = -3*n + 6*n - 18, -n = -5*a + 14. What are the prime factors of d(n)?
2, 7
Let z be (159 + 1)*(-3)/4. Let f be (10/4)/((-12)/z). Let l = f + -9. List the prime factors of l.
2
Let q(l) = 4*l**3 - 4*l**2 - 7*l + 18. What are the prime factors of q(4)?
2, 7, 13
Let q(a) = -a**2 + 5*a**3 + 6*a**3 + a + 0*a. List the prime factors of q(1).
11
Let n(c) = 2*c**2 + 3*c - 3. Let p(k) = 1 - 5 + 1 + k**2 - 5*k. Let q be p(5). What are the prime factors of n(q)?
2, 3
Let g(h) = 2*h + 20. List the prime factors of g(7).
2, 17
Let h(p) = -p**3 + 4*p**2 + 4*p + 7. Let v be h(5). What are the prime factors of (-3)/(-1 + v/3)?
3
Let b(g) = g - 3. Let s = -1 + 7. Let q be b(s). Suppose q*m - 24 = m. List the prime factors of m.
2, 3
Let g(j) = -j**3 + j**2 + j. Let r be g(0). Suppose -i + 3*i - 10 = r. List the prime factors of i.
5
List the prime factors of (2 + -2 + 10)*(-59)/(-2).
5, 59
Let w = -32 - -86. List the prime factors of w.
2, 3
Suppose r - 22 - 174 = -5*u, 5*r + 60 = u. What are the prime factors of u?
2, 5
Let l be (1 - 3) + 1 - -5. Suppose 4*m - 5*g - 39 = 0, -5*g = l*m - 39 - 10. What are the prime factors of m?
11
Let r be -2 + 2 + 1 - -7. Let l = r + -3. List the prime factors of l.
5
Suppose -4*q - 480 = -8*q. What are the prime factors of q?
2, 3, 5
Let w(i) = 10*i**3 - i**2 - i + 1. Let s be w(1). Let c = 13 - s. Suppose -t - c*n = -9 - 2, 0 = -5*t + 2*n + 11. List the prime factors of t.
3
Suppose -2*q = 1 + 1. Let s = 2 - q. Suppose -s*m = -5*u + 4*u - 26, -m + 11 = 2*u. What are the prime factors of m?
3
Suppose 0 = -5*h - 10, 142 = 4*t + h - 0*h. What are the prime factors of t?
2, 3
Let w(q) = q**3 + 6*q**2 - 8*q + 5. List the prime factors of w(-5).
2, 5, 7
Let i(o) = -2*o + 3. Suppose -3*t + 4*t = -2. Let a = t - 3. What are the prime factors of i(a)?
13
Let l(t) = t**3 - t - 2. Let q be ((-1 - -1)/(-1))/1. Suppose 4*m + 0*c + 2*c - 2 = q, 5*c + 21 = 3*m. List the prime factors of l(m).
2
Suppose -3*p + 86 = -4*p. What are the prime factors of (-2)/7 + p/(-7)?
2, 3
Let n(d) = d**2 + 9*d - 8. Let r be n(-9). Let x be (14/r)/(2/(-8)). Let p(y) = -y**3 + 6*y**2 + 7*y + 9. List the prime factors of p(x).
3
Suppose b - k = -0*b + 33, 4*b - 138 = k. Suppose -5*n + 12 = 5*w - 23, 2*n - b = -5*w. List the prime factors of w.
7
Let i(g) be the first derivative of -g**6/360 + g**5/15 - g**4/6 - g**3 - 1. Let w(x) be the third derivative of i(x). What are the prime factors of w(5)?
11
Let i(b) = -b - 6. Suppose -4 = -4*y - 4*z, 3*y + 3*z = -z - 1. Suppose 46 = -y*t + 1. List the prime factors of i(t).
3
Suppose 2*o = -5*n + 7*o + 180, -n + 4*o = -33. Suppose -2*r + n = -7. What are the prime factors of r?
2, 11
Suppose 2*z - 6*z = 0. Let r(p) = 2*p**2 - 3*p. Let i be r(3). Suppose -2*m - 3*l + 6 = -i, z = 4*m - 4*l - 40. List the prime factors of m.
3
Suppose -5*u + 83 = -357. List the prime factors of u.
2, 11
Let u be 0/3 + (3 - -19). Let v = u + -13. List the prime factors of v.
3
Suppose 0 = -4*b - 3*y + 539, -6*y + 2*y = 4*b - 536. What are the prime factors of b?
137
Suppose 4*x = 3*y - 395 - 160, -x + 4*y = 142. What are the prime factors of (1/3)/((-2)/x)?
23
Suppose -2 + 5 = x - 4*d, -5*x - 4*d = 33. Let i = x - -9. What are the prime factors of i?
2
Suppose 4*m + 7 = 3*j, -4*m - 6 = -4*j + 2. Suppose -b + j = -4. Suppose 2*k - 5*z - 82 = -k, b*z + 44 = k. List the prime factors of k.
19
Let b(r) = 2*r + 12. Let k be b(-8). Let c = 4 - k. What are the prime factors of c?
2
What are the prime factors of (1 - -16 - 2) + 1?
2
Suppose 155 = d + 3*z - 33, -4*d + 741 = z. List the prime factors of d.
5, 37
Let x be (0/(-1) + -1)*-4. List the prime factors of x - (-1)/(1 + 0).
5
Let q be 3*5/9*3. Let w = 5 - q. List the prime factors of (3 + w - 0) + 2.
5
Suppose 0*t - 21 = 5*u - t, -2*u - 13 = -5*t. Let o = u - -24. What are the prime factors of o?
2, 5
Let z be (1*7)/((-2)/(-4)). Let j = z - 9. What are the prime factors of 1*-3*j/(-3)?
5
List the prime factors of (-4*17)/((-9)/(378/12)).
2, 7, 17
Suppose -3*w = -w + x - 8, w - 2*x = -6. Suppose j = -2*k + 26, w*k - j - 4 = 18. What are the prime factors of k?
2, 3
Let v(l) = -l**2 + l. Let j be v(0). Suppose j = 2*i + 2*i - 20. What are the prime factors of (-54)/15*i/(-2)?
3
Let z be (12/(-18))/((-2)/213). Suppose 4*p - z = 1. What are the prime factors of p?
2, 3
Let j(t) = -t**2 - 3*t - 3. Let g be j(-4). Let